 highest common divisor of c and y?
1
Suppose -2*t + 301 = 29. Calculate the greatest common factor of 17 and t.
17
Suppose 2*x + 3*z = 63, 12 = 2*x - 4*z - 44. Let m(u) = u + 60. Let j be m(0). Calculate the greatest common divisor of x and j.
30
Suppose -3*l = -3*b - 303, -2*l + 118 = 5*b - 70. Calculate the greatest common divisor of l and 33.
33
Let w = 115 - 67. What is the greatest common factor of w and 12?
12
Suppose 2*b = -3*b - 5. Let v = b + -4. Let r be v/((9/(-3))/21). What is the highest common factor of r and 7?
7
Suppose -36 = 3*d - 5*p, -3*d - 2*p - 36 = -p. Let f = 21 + d. Let c be f*1 + 6/(-6). What is the greatest common factor of c and 16?
8
Let x be (-171 - -2)*2/(-1). Suppose -2 = 5*z + 3, 4*j - x = 2*z. What is the greatest common divisor of 12 and j?
12
Suppose -7 = r - 2*m, m + 0 = -3*r + 14. Suppose 0 = -4*p + 5 + 3. Let h be 0 - (-24)/2*p. What is the highest common factor of h and r?
3
Suppose 0 = -s - 0*s + 4. Suppose 15 = -3*f, -3*f + 1 = -2*x - s*f. Let z be x/5 - 1796/(-10). What is the greatest common factor of 18 and z?
18
Suppose 2*t + 41 + 63 = 4*j, -5*t - 247 = 3*j. Let i be (t/(-4))/5*-2. Let s be -2 - -3 - (i + 3). Calculate the greatest common factor of 21 and s.
3
Suppose 17 = 4*t - 3*u, 0*u = 4*t + u - 21. Suppose t*c = 106 + 44. What is the highest common divisor of c and 20?
10
Suppose 2*o + 5 = 13. Suppose -32 = -2*z - 8. Suppose -2*v - v + z = 0. What is the highest common divisor of o and v?
4
Let m(y) = -y**2 - 7*y. Let d be m(-5). Let w be (3 - d/(-4))*22. What is the greatest common factor of w and 11?
11
Let f be ((-2)/(-3))/(12/414). Let g = f - 14. Calculate the greatest common factor of g and 1.
1
Let w(m) = 11*m - 6. Let i be w(6). Let l(z) = 11*z + 216. Let j be l(-6). Calculate the greatest common factor of i and j.
30
Suppose -5*c = -23 + 3. Suppose 5*q - 110 = -4*y, -3*q + c*y = -10 - 24. Calculate the highest common divisor of 90 and q.
18
Let v(c) = 7*c**2 - 3*c - 2. Suppose 0 = 4*y + 1 + 7. Let z be v(y). What is the greatest common divisor of z and 8?
8
Let s(k) = -4*k + 6. Let j(h) = 5*h - 5. Let u(t) = -6*j(t) - 5*s(t). Let o be u(-4). Calculate the greatest common factor of o and 5.
5
Suppose 4*h = -h. Let k(y) = y**3 - y**2 + 2. Let l be k(h). Let m be (-357)/(-33) - l/(-11). What is the highest common divisor of m and 1?
1
Suppose -i + 64 = 3*c + i, 69 = 3*c + 3*i. Let l be 4/(-18) + 112/c. Let u be 128/12 + 2/l. Calculate the greatest common divisor of u and 121.
11
Let p(w) = 4*w - 5*w - w**2 + 2*w**2 + 16. Let n be p(0). Let k(v) = v**2 - 2. Let b be k(2). Calculate the greatest common factor of b and n.
2
Suppose -6*c = 173 - 719. What is the highest common factor of c and 13?
13
Suppose -3*i = -3*v + 9, 10*v - 9*v = 2*i. Let z be (-24)/(-10)*(-10)/(-2). What is the highest common factor of z and v?
6
Let n be 9270/342 + (-2)/19. What is the greatest common divisor of n and 9?
9
Suppose -90 = -5*r - 3*a, 2*r + 2*a - 5 = 7*a. Calculate the greatest common factor of 165 and r.
15
Let q(f) = -49*f**3 - f**2 - 4*f - 2. Let g be q(-1). Suppose n + 8 = 4*w - 3, n = 5*w - 15. Calculate the highest common factor of n and g.
5
Let v(w) = w**3 - 8*w**2 + 8*w + 9. Let m be v(7). What is the greatest common divisor of m and 2?
2
Suppose 4*x = -2*x + 72. Let a be ((-5)/(-2))/(1/x). What is the highest common divisor of a and 20?
10
Suppose -37 = -b - 3*k, 0 = k - 5*k + 12. Suppose -2*p + 16 = 2*p. Calculate the greatest common factor of p and b.
4
Suppose 3*f + 11 = -2*q + 42, -2*q + 44 = 4*f. What is the greatest common factor of 13 and f?
13
Let m(j) = j**3 - 5*j**2 - 5*j. Let z be m(6). What is the greatest common divisor of z and 66?
6
Suppose -y + 2*g = 8, -1 + 5 = -3*y + 2*g. Suppose -19 = -2*b + i, 0*i - 3*i - 17 = -y*b. What is the highest common factor of 10 and b?
10
Suppose 3*n - n = 0. Suppose 2*s + 0*s - 18 = n. Let l(q) = q**3 - 7*q**2 - 13*q + 10. Let b be l(s). What is the greatest common factor of b and 5?
5
Suppose 2*s = -119 + 379. Calculate the greatest common factor of 52 and s.
26
Let g(a) = a**2 + 9*a + 14. Let l be g(-10). Let p = 3 - 0. What is the highest common divisor of l and p?
3
Let f(p) = p**2 - 2*p + 3. Let r be f(2). Suppose l + 0*l - r = 0. Calculate the greatest common factor of 27 and l.
3
Let o(v) = 4*v + 36. Let c be o(0). What is the greatest common factor of 4 and c?
4
Suppose 0 = c - 9*c + 168. What is the highest common divisor of 126 and c?
21
Let f(n) = 2*n**2 + 16*n + 13. Let c be f(-8). Calculate the highest common divisor of 65 and c.
13
Let i be (28/(-6))/((80/(-45))/8). What is the highest common divisor of i and 28?
7
Let d be -1*-3*(-1 + 2). Suppose -2*r + 53 = -o - 17, d*o + 175 = 5*r. Let w be (13 - 6) + (-3 - -1). Calculate the highest common divisor of r and w.
5
Let h be (-790)/(-8) + 2/8. Suppose 3*f + g = 4*g + 45, 0 = -2*f + 3*g + 28. Suppose -3*c = -10 - f. Calculate the highest common divisor of c and h.
9
Let w(g) = 7 - g**3 - 4*g**2 + 2*g**3 - 2*g**2 + 4*g. Let u be w(5). Let z be (84/(-8))/((-6)/8). Calculate the greatest common divisor of z and u.
2
Suppose 2 = -5*y - 68. Let a = y + 17. What is the highest common factor of 1 and a?
1
Suppose 0*w + 64 = 8*w. Calculate the greatest common divisor of 32 and w.
8
Suppose 4*a = 3*a + 24. Suppose 2*z + 3*z + 250 = 0. Let s = 110 + z. Calculate the greatest common factor of a and s.
12
Let x(y) = -44*y - 4. Let n be x(-3). Calculate the greatest common factor of 16 and n.
16
Let i be (-1)/3 + 26/6. Suppose 2*d - 5*p + 0 = -16, -i*p = -4*d - 8. Let w(a) = a**2 - 7*a - 6. Let j be w(8). What is the highest common factor of d and j?
2
Let x be 0 + -3 + (-62)/(-2). Suppose 4*k - x + 4 = 0. What is the greatest common factor of k and 42?
6
Suppose 5*r + k - 75 = 3*r, 0 = k - 3. Let n = r - 12. Calculate the highest common factor of n and 3.
3
Suppose -l - 12 = -3*l - 2*u, -2*l = -2*u - 12. Suppose 0 = 3*x - 2*r - 206, 86 = x - 9*r + 4*r. Calculate the highest common divisor of l and x.
6
Let m(p) = -7*p - 2. Let v(n) = 4*n + 1. Let o(c) = -3*m(c) - 7*v(c). Let j be o(-1). Let y be 2 + (-4)/1 + j. What is the greatest common divisor of 8 and y?
4
Let f be 1 + 4 - 10/5. Let c be (36 - -4)*f/2. Calculate the greatest common divisor of 15 and c.
15
Suppose -1308 = 4*m + 4*b, -4*b = 3*m + b + 989. Let a = m + 539. Suppose 0*k = -4*k + a. What is the greatest common factor of k and 6?
6
Let y be 1*(12 + 3)/(-3). Let g = 15 - y. What is the greatest common divisor of g and 4?
4
Let p(n) = -n**2 + 10*n + 14. Let k be p(11). Let h = -2 + k. Let g = 12 + -4. Calculate the greatest common divisor of h and g.
1
Suppose 0 = -5*t - 10, -9*t = 5*w - 6*t - 54. Suppose 5*a - a - 384 = 0. What is the greatest common divisor of w and a?
12
Suppose -2*h + 5 = 3*h. Calculate the greatest common factor of h and 5.
1
Suppose -9*i - 2*i + 715 = 0. What is the highest common divisor of 13 and i?
13
Let t = -3 - -3. Suppose t = 3*s - 2 - 4. Suppose 0 = 4*a + 5*o - 636, 0 = -5*a - s*o + 1154 - 376. What is the greatest common factor of 14 and a?
14
Let f(v) be the first derivative of -4*v**2 - 6*v + 4. Let r be f(-6). Calculate the greatest common factor of 6 and r.
6
Suppose 13 + 2 = n. What is the greatest common factor of n and 6?
3
Let c = 1 - -3. Let g be (c/6)/(6/99). Suppose -4*f = -f - 165. Calculate the highest common factor of f and g.
11
Let q = 8 + -6. Suppose q*k - 68 = -7*d + 3*d, -4*d - 12 = 0. Suppose -a = v - 6*v - 5, 0 = 5*a - 2*v - 25. What is the greatest common divisor of k and a?
5
Let k = 46 + -43. Let s = 7 + -4. What is the greatest common divisor of s and k?
3
Let f be 1/(((-5)/4)/(-5)). Suppose 2*c + 5*x = 35, 3*x = f*c - 6 + 1. Calculate the highest common divisor of c and 35.
5
Let q = 50 - 26. What is the highest common divisor of q and 12?
12
Suppose w + 4*w = u - 20, 5*u = -2*w + 73. What is the greatest common divisor of 15 and u?
15
Let l be -1 + -28*(0 - 2). Calculate the greatest common factor of l and 5.
5
Let a(l) = -l**3 + l + 26. Let t be a(0). Let c be 1*(t/2 + -2). Calculate the greatest common factor of 33 and c.
11
Let d be 370/14 - 6/14. Calculate the highest common divisor of 78 and d.
26
Let f(y) = y**2 - 9*y - 16. Suppose 5*g + 20 = 0, g = 5*b + 3*g - 52.